{"id":9310,"date":"2022-11-12T15:53:52","date_gmt":"2022-11-12T15:53:52","guid":{"rendered":"https:\/\/iarthis.iarthislab.eu\/?page_id=9310"},"modified":"2022-11-12T15:53:52","modified_gmt":"2022-11-12T15:53:52","slug":"martin-j-salvachua-galimberti","status":"publish","type":"page","link":"https:\/\/humartech.uma.es\/iarthislab\/martin-j-salvachua-galimberti\/","title":{"rendered":"Mart\u00edn J. Salvach\u00faa Galimberti"},"content":{"rendered":"\n<style type=\"text\/css\" data-created_by=\"avia_inline_auto\" id=\"style-css-av-cbcf32-50c19cad6012b6f016b784fea864e4d8\">\n.avia-section.av-cbcf32-50c19cad6012b6f016b784fea864e4d8{\nbackground-repeat:no-repeat;\nbackground-image:url(https:\/\/humartech.uma.es\/iarthislab\/wp-content\/uploads\/2018\/03\/pattern-top-400.jpg);\nbackground-position:50% 0%;\nbackground-attachment:fixed;\n}\n.avia-section.av-cbcf32-50c19cad6012b6f016b784fea864e4d8 .av-section-color-overlay{\nopacity:0.1;\nbackground-color:#ffffff;\n}\n<\/style>\n<div id='av_section_1'  class='avia-section av-cbcf32-50c19cad6012b6f016b784fea864e4d8 main_color avia-section-no-padding avia-no-border-styling  avia-builder-el-0  el_before_av_one_fourth  avia-builder-el-first  avia-bg-style-fixed av-section-color-overlay-active av-minimum-height av-minimum-height-custom av-height-custom  container_wrap sidebar_right'  data-section-bg-repeat='no-repeat' data-av_minimum_height_px='220'><div class=\"av-section-color-overlay-wrap\"><div class=\"av-section-color-overlay\"><\/div><div class='container av-section-cont-open' style='height:220px'><main  role=\"main\" itemprop=\"mainContentOfPage\"  class='template-page content  av-content-small alpha units'><div class='post-entry post-entry-type-page post-entry-9310'><div class='entry-content-wrapper clearfix'>\n\n<style type=\"text\/css\" data-created_by=\"avia_inline_auto\" id=\"style-css-av-lae3tmb1-0da9eb6ff9c062b029be5d1a77efb2b6\">\n#top .av-special-heading.av-lae3tmb1-0da9eb6ff9c062b029be5d1a77efb2b6{\npadding-bottom:10px;\ncolor:#a3191f;\n}\nbody .av-special-heading.av-lae3tmb1-0da9eb6ff9c062b029be5d1a77efb2b6 .av-special-heading-tag .heading-char{\nfont-size:25px;\n}\n.av-special-heading.av-lae3tmb1-0da9eb6ff9c062b029be5d1a77efb2b6 .special-heading-inner-border{\nborder-color:#a3191f;\n}\n.av-special-heading.av-lae3tmb1-0da9eb6ff9c062b029be5d1a77efb2b6 .av-subheading{\nfont-size:15px;\n}\n<\/style>\n<div  class='av-special-heading av-lae3tmb1-0da9eb6ff9c062b029be5d1a77efb2b6 av-special-heading-h2 custom-color-heading blockquote modern-quote  avia-builder-el-1  avia-builder-el-no-sibling '><h2 class='av-special-heading-tag '  itemprop=\"headline\"  >Mart\u00edn J. Salvach\u00faa Galimberti<\/h2><div class=\"special-heading-border\"><div class=\"special-heading-inner-border\"><\/div><\/div><\/div>\n<\/div><\/div><\/main><!-- close content main element --><\/div><\/div><\/div><div id='after_section_1'  class='main_color av_default_container_wrap container_wrap sidebar_right'  ><div class='container av-section-cont-open' ><div class='template-page content  av-content-small alpha units'><div class='post-entry post-entry-type-page post-entry-9310'><div class='entry-content-wrapper clearfix'>\n\n<style type=\"text\/css\" data-created_by=\"avia_inline_auto\" id=\"style-css-av-akm6se-05f20cda5aef3fae00c2bae10f0fc6c9\">\n.flex_column.av-akm6se-05f20cda5aef3fae00c2bae10f0fc6c9{\nborder-radius:0px 0px 0px 0px;\npadding:0px 0px 0px 0px;\n}\n<\/style>\n<div  class='flex_column av-akm6se-05f20cda5aef3fae00c2bae10f0fc6c9 av_one_fourth  avia-builder-el-2  el_after_av_section  el_before_av_three_fourth  avia-builder-el-first  first flex_column_div av-zero-column-padding  '     ><style type=\"text\/css\" data-created_by=\"avia_inline_auto\" id=\"style-css-av-lae3xcpc-a2cd727c54c7e4f203406a2ad39cb3d2\">\n.avia-image-container.av-lae3xcpc-a2cd727c54c7e4f203406a2ad39cb3d2 img.avia_image{\nbox-shadow:none;\n}\n.avia-image-container.av-lae3xcpc-a2cd727c54c7e4f203406a2ad39cb3d2 .av-image-caption-overlay-center{\ncolor:#ffffff;\n}\n<\/style>\n<div  class='avia-image-container av-lae3xcpc-a2cd727c54c7e4f203406a2ad39cb3d2 av-styling- avia-align-center  avia-builder-el-3  avia-builder-el-no-sibling '   itemprop=\"image\" itemscope=\"itemscope\" itemtype=\"https:\/\/schema.org\/ImageObject\" ><div class=\"avia-image-container-inner\"><div class=\"avia-image-overlay-wrap\"><img decoding=\"async\" fetchpriority=\"high\" class='wp-image-9311 avia-img-lazy-loading-not-9311 avia_image ' src=\"https:\/\/humartech.uma.es\/iarthislab\/wp-content\/uploads\/2022\/11\/foto-martin_rec.jpeg\" alt='' title='foto martin_rec'  height=\"1263\" width=\"885\"  itemprop=\"thumbnailUrl\" srcset=\"https:\/\/humartech.uma.es\/iarthislab\/wp-content\/uploads\/2022\/11\/foto-martin_rec.jpeg 885w, https:\/\/humartech.uma.es\/iarthislab\/wp-content\/uploads\/2022\/11\/foto-martin_rec-210x300.jpeg 210w, https:\/\/humartech.uma.es\/iarthislab\/wp-content\/uploads\/2022\/11\/foto-martin_rec-768x1096.jpeg 768w, https:\/\/humartech.uma.es\/iarthislab\/wp-content\/uploads\/2022\/11\/foto-martin_rec-722x1030.jpeg 722w, https:\/\/humartech.uma.es\/iarthislab\/wp-content\/uploads\/2022\/11\/foto-martin_rec-494x705.jpeg 494w\" sizes=\"(max-width: 885px) 100vw, 885px\" \/><\/div><\/div><\/div><\/div>\n<style type=\"text\/css\" data-created_by=\"avia_inline_auto\" id=\"style-css-av-8uvr2m-ba0ce3036cb367dbbc8485697f60b7cd\">\n.flex_column.av-8uvr2m-ba0ce3036cb367dbbc8485697f60b7cd{\nborder-radius:0px 0px 0px 0px;\npadding:0px 0px 0px 0px;\n}\n<\/style>\n<div  class='flex_column av-8uvr2m-ba0ce3036cb367dbbc8485697f60b7cd av_three_fourth  avia-builder-el-4  el_after_av_one_fourth  el_before_av_hr  flex_column_div av-zero-column-padding  '     ><p>\n<style type=\"text\/css\" data-created_by=\"avia_inline_auto\" id=\"style-css-av-lae3tvqd-b0c0291d1d2d5abb2159975025f4032a\">\n#top .av-special-heading.av-lae3tvqd-b0c0291d1d2d5abb2159975025f4032a{\npadding-bottom:10px;\n}\nbody .av-special-heading.av-lae3tvqd-b0c0291d1d2d5abb2159975025f4032a .av-special-heading-tag .heading-char{\nfont-size:25px;\n}\n.av-special-heading.av-lae3tvqd-b0c0291d1d2d5abb2159975025f4032a .av-subheading{\nfont-size:15px;\n}\n<\/style>\n<div  class='av-special-heading av-lae3tvqd-b0c0291d1d2d5abb2159975025f4032a av-special-heading-h3  avia-builder-el-5  el_before_av_textblock  avia-builder-el-first '><h3 class='av-special-heading-tag '  itemprop=\"headline\"  >Mart\u00edn J. Salvach\u00faa Galimberti<\/h3><div class=\"special-heading-border\"><div class=\"special-heading-inner-border\"><\/div><\/div><\/div><br \/>\n<section  class='av_textblock_section av-lae3vo0k-687ad01ca7e5734210b5cf57fe925d81 '   itemscope=\"itemscope\" itemtype=\"https:\/\/schema.org\/CreativeWork\" ><div class='avia_textblock'  itemprop=\"text\" ><p><strong>Puesto de trabajo:<\/strong>\u00a0 Departamento Historia del Arte \/ Departamento de Ciencias y Lenguajes Computacionales (UMA<br \/>\n<strong>Correo electr\u00f3nico:<\/strong> <a href=\"mailto:martinjs@uma.es\">martinjs@uma.es<\/a><br \/>\n<strong>Grado o licenciatura:<\/strong> Graduado en Ingenier\u00eda Inform\u00e1tica con menci\u00f3n en Sistemas de Informaci\u00f3n en la Universidad de M\u00e1laga. Actualmente cursando el M\u00e1ster en Transformaci\u00f3n Digital de Empresas orientado al Sector Tur\u00edstico, organizado por la Universidad Internacional de Andaluc\u00eda, Universidad de M\u00e1laga, Universidad de Almer\u00eda, y la Universidad de Granada.<\/p>\n<\/div><\/section><br \/>\n\n<style type=\"text\/css\" data-created_by=\"avia_inline_auto\" id=\"style-css-av-7j1km6-8605c53bbb41bf97a0aea89aed2d9d3c\">\n#top .hr.hr-invisible.av-7j1km6-8605c53bbb41bf97a0aea89aed2d9d3c{\nheight:50px;\n}\n<\/style>\n<div  class='hr av-7j1km6-8605c53bbb41bf97a0aea89aed2d9d3c hr-invisible  avia-builder-el-7  el_after_av_textblock  avia-builder-el-last '><span class='hr-inner '><span class=\"hr-inner-style\"><\/span><\/span><\/div><\/p><\/div><\/p>\n\n<style type=\"text\/css\" data-created_by=\"avia_inline_auto\" id=\"style-css-av-6dexzy-12e5796bc0b106e0bff94ea2004720b9\">\n#top .hr.hr-invisible.av-6dexzy-12e5796bc0b106e0bff94ea2004720b9{\nheight:50px;\n}\n<\/style>\n<div  class='hr av-6dexzy-12e5796bc0b106e0bff94ea2004720b9 hr-invisible  avia-builder-el-8  el_after_av_three_fourth  el_before_av_button_big  avia-builder-el-last '><span class='hr-inner '><span class=\"hr-inner-style\"><\/span><\/span><\/div>\n<div  class='avia-button-wrap avia-button-center  avia-builder-el-9  el_after_av_hr  el_before_av_hr '>\n<style type=\"text\/css\" data-created_by=\"avia_inline_auto\" id=\"style-css-av-4pjdou-a6d75b09d3e159facf7a1327f326a143\">\n#top #wrap_all .avia-button.av-4pjdou-a6d75b09d3e159facf7a1327f326a143{\ncolor:#ffffff;\ntransition:all 0.4s ease-in-out;\n}\n#top #wrap_all .avia-button.av-4pjdou-a6d75b09d3e159facf7a1327f326a143:hover{\nbackground-color:orange;\ncolor:#ffffff;\ntransition:all 0.4s ease-in-out;\n}\n#top #wrap_all .avia-button.av-4pjdou-a6d75b09d3e159facf7a1327f326a143 .avia-svg-icon svg:first-child{\nfill:#ffffff;\nstroke:#ffffff;\n}\n#top #wrap_all .avia-button.av-4pjdou-a6d75b09d3e159facf7a1327f326a143:hover .avia-svg-icon svg:first-child{\nfill:#ffffff;\nstroke:#ffffff;\n}\n<\/style>\n<a href='https:\/\/humartech.uma.es\/iarthislab\/miembros\/' class='av-icon-on-hover avia-color-red avia-button avia-button-fullwidth av-4pjdou-a6d75b09d3e159facf7a1327f326a143 avia-icon_select-yes-left-icon avia-color-red'   aria-label=\"VOLVER A MIEMBROS\"><span class='avia_button_icon avia_button_icon_left avia-iconfont avia-font-entypo-fontello' data-av_icon='\ue830' data-av_iconfont='entypo-fontello' ><\/span><span class='avia_iconbox_title' >VOLVER A MIEMBROS<\/span><\/a><\/div>\n\n<style type=\"text\/css\" data-created_by=\"avia_inline_auto\" id=\"style-css-av-27wkke-63734bc3bfb4f816780b2415f8341e37\">\n#top .hr.hr-invisible.av-27wkke-63734bc3bfb4f816780b2415f8341e37{\nheight:50px;\n}\n<\/style>\n<div  class='hr av-27wkke-63734bc3bfb4f816780b2415f8341e37 hr-invisible  avia-builder-el-10  el_after_av_button_big  avia-builder-el-no-sibling '><span class='hr-inner '><span class=\"hr-inner-style\"><\/span><\/span><\/div>\n","protected":false},"excerpt":{"rendered":"","protected":false},"author":3,"featured_media":0,"parent":0,"menu_order":0,"comment_status":"closed","ping_status":"closed","template":"","meta":{"footnotes":""},"class_list":["post-9310","page","type-page","status-publish","hentry"],"_links":{"self":[{"href":"https:\/\/humartech.uma.es\/iarthislab\/wp-json\/wp\/v2\/pages\/9310","targetHints":{"allow":["GET"]}}],"collection":[{"href":"https:\/\/humartech.uma.es\/iarthislab\/wp-json\/wp\/v2\/pages"}],"about":[{"href":"https:\/\/humartech.uma.es\/iarthislab\/wp-json\/wp\/v2\/types\/page"}],"author":[{"embeddable":true,"href":"https:\/\/humartech.uma.es\/iarthislab\/wp-json\/wp\/v2\/users\/3"}],"replies":[{"embeddable":true,"href":"https:\/\/humartech.uma.es\/iarthislab\/wp-json\/wp\/v2\/comments?post=9310"}],"version-history":[{"count":0,"href":"https:\/\/humartech.uma.es\/iarthislab\/wp-json\/wp\/v2\/pages\/9310\/revisions"}],"wp:attachment":[{"href":"https:\/\/humartech.uma.es\/iarthislab\/wp-json\/wp\/v2\/media?parent=9310"}],"curies":[{"name":"wp","href":"https:\/\/api.w.org\/{rel}","templated":true}]}}