{"id":8102,"date":"2018-11-14T07:30:45","date_gmt":"2018-11-14T07:30:45","guid":{"rendered":"https:\/\/humartech.uma.es\/iarthislab\/?page_id=8102"},"modified":"2018-11-14T07:33:02","modified_gmt":"2018-11-14T07:33:02","slug":"politica-de-privacidad","status":"publish","type":"page","link":"https:\/\/humartech.uma.es\/iarthislab\/politica-de-privacidad\/","title":{"rendered":"Pol\u00edtica de Privacidad"},"content":{"rendered":"\n<style type=\"text\/css\" data-created_by=\"avia_inline_auto\" id=\"style-css-av-mcb9u4-4873ed6dee5d59010f2f6665888f20ab\">\n.avia-section.av-mcb9u4-4873ed6dee5d59010f2f6665888f20ab{\nbackground-repeat:no-repeat;\nbackground-image:url(https:\/\/humartech.uma.es\/iarthislab\/wp-content\/uploads\/2018\/03\/pattern-top-400.jpg);\nbackground-position:50% 0%;\nbackground-attachment:fixed;\n}\n.avia-section.av-mcb9u4-4873ed6dee5d59010f2f6665888f20ab .av-section-color-overlay{\nopacity:0.1;\nbackground-color:#ffffff;\n}\n<\/style>\n<div id='av_section_1'  class='avia-section av-mcb9u4-4873ed6dee5d59010f2f6665888f20ab main_color avia-section-no-padding avia-no-border-styling  avia-builder-el-0  el_before_av_one_full  avia-builder-el-first  avia-bg-style-fixed av-section-color-overlay-active av-minimum-height av-minimum-height-custom av-height-custom  container_wrap sidebar_right'  data-section-bg-repeat='no-repeat' data-av_minimum_height_px='220'><div class=\"av-section-color-overlay-wrap\"><div class=\"av-section-color-overlay\"><\/div><div class='container av-section-cont-open' style='height:220px'><main  role=\"main\" itemprop=\"mainContentOfPage\"  class='template-page content  av-content-small alpha units'><div class='post-entry post-entry-type-page post-entry-8102'><div class='entry-content-wrapper clearfix'>\n\n<style type=\"text\/css\" data-created_by=\"avia_inline_auto\" id=\"style-css-av-joguil70-ee6f76012349fd69d6e4ace6509c984c\">\n#top .av-special-heading.av-joguil70-ee6f76012349fd69d6e4ace6509c984c{\npadding-bottom:10px;\ncolor:#a3191f;\n}\nbody .av-special-heading.av-joguil70-ee6f76012349fd69d6e4ace6509c984c .av-special-heading-tag .heading-char{\nfont-size:25px;\n}\n.av-special-heading.av-joguil70-ee6f76012349fd69d6e4ace6509c984c .special-heading-inner-border{\nborder-color:#a3191f;\n}\n.av-special-heading.av-joguil70-ee6f76012349fd69d6e4ace6509c984c .av-subheading{\nfont-size:15px;\n}\n<\/style>\n<div  class='av-special-heading av-joguil70-ee6f76012349fd69d6e4ace6509c984c av-special-heading-h2 custom-color-heading blockquote modern-quote  avia-builder-el-1  avia-builder-el-no-sibling '><h2 class='av-special-heading-tag '  itemprop=\"headline\"  >Politica de Privacidad<\/h2><div class=\"special-heading-border\"><div class=\"special-heading-inner-border\"><\/div><\/div><\/div>\n<\/div><\/div><\/main><!-- close content main element --><\/div><\/div><\/div><div id='after_section_1'  class='main_color av_default_container_wrap container_wrap sidebar_right'  ><div class='container av-section-cont-open' ><div class='template-page content  av-content-small alpha units'><div class='post-entry post-entry-type-page post-entry-8102'><div class='entry-content-wrapper clearfix'>\n\n<style type=\"text\/css\" data-created_by=\"avia_inline_auto\" id=\"style-css-av-if56l8-a9fb6802bb907c5cc563d8a5236d0164\">\n.flex_column.av-if56l8-a9fb6802bb907c5cc563d8a5236d0164{\nborder-radius:0px 0px 0px 0px;\npadding:0px 0px 0px 0px;\n}\n<\/style>\n<div  class='flex_column av-if56l8-a9fb6802bb907c5cc563d8a5236d0164 av_one_full  avia-builder-el-2  el_after_av_section  avia-builder-el-no-sibling  first flex_column_div av-zero-column-padding  '     ><section  class='av_textblock_section av-h8jm98-d6dc4b076b2a59a9a4d5a8794830d887 '   itemscope=\"itemscope\" itemtype=\"https:\/\/schema.org\/CreativeWork\" ><div class='avia_textblock'  itemprop=\"text\" ><h2>Qui\u00e9nes somos<\/h2>\n<p class=\"privacy-policy-tutorial\">En esta secci\u00f3n debes indicar la URL de tu sitio, as\u00ed como el nombre de la empresa, organizaci\u00f3n, o individuo que hay detr\u00e1s, y alguna informaci\u00f3n de contacto actualizada.<\/p>\n<p class=\"privacy-policy-tutorial\">La cantidad de informaci\u00f3n que se te puede pedir reflejar variar\u00e1 dependiendo de las regulaciones locales o nacionales de tu negocio. Por ejemplo, se te puede pedir que indiques una direcci\u00f3n f\u00edsica, una direcci\u00f3n registrada, o el n\u00famero de registro de tu empresa.<\/p>\n<p>La direcci\u00f3n de nuestra web es: https:\/\/humartech.uma.es\/iarthislab.<\/p>\n<h2>Qu\u00e9 datos personales recogemos y por qu\u00e9 los recogemos<\/h2>\n<p class=\"privacy-policy-tutorial\">En esta secci\u00f3n deber\u00edas anotar qu\u00e9 datos personales recopilas de los usuarios y de los visitantes del sitio. Esto podr\u00eda incluir datos personales tales como el nombre, direcci\u00f3n de correo electr\u00f3nico, preferencias personales de la cuenta; datos transaccionales, como informaci\u00f3n de compras; y datos t\u00e9cnicos, como la informaci\u00f3n sobre las cookies.<\/p>\n<p class=\"privacy-policy-tutorial\">Tambi\u00e9n deber\u00edas tener en cuenta cualquier recopilaci\u00f3n y retenci\u00f3n de datos personales sensibles, como los relativos a la salud.<\/p>\n<p class=\"privacy-policy-tutorial\">Adem\u00e1s de enumerar los datos personales que recopilas, debes indicar por qu\u00e9 los recopilas. En estas explicaciones debe indicarse el fundamento jur\u00eddico de la recogida y conservaci\u00f3n de tus datos o el consentimiento activo del usuario.<\/p>\n<p class=\"privacy-policy-tutorial\">Los datos personales no son s\u00f3lo creados por las interacciones de un usuario con tu sitio. Los datos personales tambi\u00e9n se generan a partir de procesos t\u00e9cnicos como formularios de contacto, comentarios, cookies, anal\u00edtica e incrustaciones de terceros.<\/p>\n<p class=\"privacy-policy-tutorial\">Por defecto, WordPress no recopila ning\u00fan dato personal sobre los visitantes, y s\u00f3lo recopila los datos mostrados en la pantalla del perfil de usuario para los usuarios registrados. Sin embargo, algunos de tus plugins tambi\u00e9n pueden recopilar datos personales. A\u00f1ade la informaci\u00f3n relevante a continuaci\u00f3n.<\/p>\n<h3>Comentarios<\/h3>\n<p class=\"privacy-policy-tutorial\">En esta subsecci\u00f3n deber\u00edas anotar qu\u00e9 informaci\u00f3n se captura en los comentarios. Hemos anotado los datos que WordPress recopila por defecto.<\/p>\n<p>Cuando los visitantes dejan comentarios en la web, recopilamos los datos que se muestran en el formulario de comentarios, as\u00ed como la direcci\u00f3n IP del visitante y la cadena de agentes de usuario del navegador para ayudar a la detecci\u00f3n de spam.<\/p>\n<p>Una cadena an\u00f3nima creada a partir de tu direcci\u00f3n de correo electr\u00f3nico (tambi\u00e9n llamada hash) puede ser proporcionada al servicio de Gravatar para ver si la est\u00e1s usando. La pol\u00edtica de privacidad del servicio Gravatar est\u00e1 disponible aqu\u00ed: https:\/\/automattic.com\/privacy\/. Despu\u00e9s de la aprobaci\u00f3n de tu comentario, la imagen de tu perfil es visible para el p\u00fablico en el contexto de su comentario.<\/p>\n<h3>Medios<\/h3>\n<p class=\"privacy-policy-tutorial\">En esta subsecci\u00f3n deber\u00edas anotar qu\u00e9 informaci\u00f3n puede mostrarse de los usuarios que suban archivos de medios. Todos los archivos subidos son normalmente accesibles p\u00fablicamente.<\/p>\n<p>Si subes im\u00e1genes a la web deber\u00edas evitar subir im\u00e1genes con datos de ubicaci\u00f3n (GPS EXIF) incluidos. Los visitantes de la web pueden descargar y extraer cualquier dato de localizaci\u00f3n de las im\u00e1genes de la web.<\/p>\n<h3>Formularios de contacto<\/h3>\n<p class=\"privacy-policy-tutorial\">Por defecto, WordPress no incluye un formulario de contacto. Si utilizas un plugin de formulario de contacto, utiliza esta subsecci\u00f3n para indicar qu\u00e9 datos personales se capturan cuando alguien env\u00eda un formulario de contacto y cu\u00e1nto tiempo lo conservas. Por ejemplo, puedes indicar que mantienes los env\u00edos de formularios de contacto durante un cierto per\u00edodo con fines de servicio al cliente, pero no utilizas la informaci\u00f3n enviada a trav\u00e9s de ellos con fines de marketing.<\/p>\n<h3>Cookies<\/h3>\n<p class=\"privacy-policy-tutorial\">En esta subsecci\u00f3n debes enumerar las cookies que utiliza tu web, incluidas las instaladas por tus plugins, redes sociales y anal\u00edtica. Hemos proporcionado las cookies que WordPress instala por defecto.<\/p>\n<p>Si dejas un comentario en nuestro sitio puedes elegir guardar tu nombre, direcci\u00f3n de correo electr\u00f3nico y web en cookies. Esto es para tu comodidad, para que no tengas que volver a rellenar tus datos cuando dejes otro comentario. Estas cookies tendr\u00e1n una duraci\u00f3n de un a\u00f1o.<\/p>\n<p>Si tienes una cuenta y te conectas a este sitio, instalaremos una cookie temporal para determinar si tu navegador acepta cookies. Esta cookie no contiene datos personales y se elimina al cerrar el navegador.<\/p>\n<p>Cuando inicias sesi\u00f3n, tambi\u00e9n instalaremos varias cookies para guardar tu informaci\u00f3n de inicio de sesi\u00f3n y tus opciones de visualizaci\u00f3n de pantalla. Las cookies de inicio de sesi\u00f3n duran dos d\u00edas, y las cookies de opciones de pantalla duran un a\u00f1o. Si seleccionas \u00abRecordarme\u00bb, tu inicio de sesi\u00f3n perdurar\u00e1 durante dos semanas. Si sales de tu cuenta, las cookies de inicio de sesi\u00f3n se eliminar\u00e1n.<\/p>\n<p>Si editas o publicas un art\u00edculo se guardar\u00e1 una cookie adicional en tu navegador. Esta cookie no incluye datos personales y simplemente indica el ID del art\u00edculo que acabas de editar. Caduca despu\u00e9s de 1 d\u00eda.<\/p>\n<h3>Contenido incrustado de otros sitios web<\/h3>\n<p>Los art\u00edculos de este sitio pueden incluir contenido incrustado (por ejemplo, v\u00eddeos, im\u00e1genes, art\u00edculos, etc.). El contenido incrustado de otras web se comporta exactamente de la misma manera que si el visitante hubiera visitado la otra web.<\/p>\n<p>Estas web pueden recopilar datos sobre ti, utilizar cookies, incrustar un seguimiento adicional de terceros, y supervisar tu interacci\u00f3n con ese contenido incrustado, incluido el seguimiento de tu interacci\u00f3n con el contenido incrustado si tienes una cuenta y est\u00e1s conectado a esa web.<\/p>\n<h3>Anal\u00edtica<\/h3>\n<p class=\"privacy-policy-tutorial\">En esta subsecci\u00f3n deber\u00edas anotar qu\u00e9 paquete de anal\u00edtica usas, c\u00f3mo los usuarios pueden decidir sobre el seguimiento de la anal\u00edtica y un enlace a la pol\u00edtica de privacidad de tu proveedor de anal\u00edtica, si lo tuviera.<\/p>\n<p class=\"privacy-policy-tutorial\">Por defecto WordPress no recoge ning\u00fan dato anal\u00edtico. Sin embargo, muchas cuentas de alojamiento web recogen algunos datos anal\u00edticos an\u00f3nimos. Tambi\u00e9n es posible que hayas instalado un plugin de WordPress que proporciona servicios de anal\u00edtica. En ese caso, a\u00f1ade la informaci\u00f3n de ese plugin aqu\u00ed.<\/p>\n<h2>Con qui\u00e9n compartimos tus datos<\/h2>\n<p class=\"privacy-policy-tutorial\">En esta secci\u00f3n debes nombrar y enumerar todos los proveedores de terceros con los que compartes datos del sitio, incluidos los socios, los servicios basados en la nube, los procesadores de pagos y los proveedores de servicios de terceros, e indicar qu\u00e9 datos compartes con ellos y por qu\u00e9. Enlaza a sus propios avisos de privacidad si es posible.<\/p>\n<p class=\"privacy-policy-tutorial\">Por defecto, WordPress no comparte ning\u00fan dato personal con nadie.<\/p>\n<h2>Cu\u00e1nto tiempo conservamos tus datos<\/h2>\n<p class=\"privacy-policy-tutorial\">En esta secci\u00f3n deber\u00e1s explicar durante cu\u00e1nto tiempo conservar\u00e1n los datos personales recopilados o procesados por la web. Si bien es tu responsabilidad establecer por cu\u00e1nto tiempo se conservar\u00e1 cada conjunto de datos y por qu\u00e9 lo conservas, esa informaci\u00f3n debe figurar aqu\u00ed. Por ejemplo, puedes decir que mantienes las entradas del formulario de contacto durante seis meses, los registros de anal\u00edtica durante un a\u00f1o, y los registros de compras de clientes durante diez a\u00f1os.<\/p>\n<p>Si dejas un comentario, el comentario y sus metadatos se conservan indefinidamente. Esto es para que podamos reconocer y aprobar comentarios sucesivos autom\u00e1ticamente en lugar de mantenerlos en una cola de moderaci\u00f3n.<\/p>\n<p>De los usuarios que se registran en nuestra web (si los hay), tambi\u00e9n almacenamos la informaci\u00f3n personal que proporcionan en su perfil de usuario. Todos los usuarios pueden ver, editar o eliminar su informaci\u00f3n personal en cualquier momento (excepto que no pueden cambiar su nombre de usuario). Los administradores de la web tambi\u00e9n pueden ver y editar esa informaci\u00f3n.<\/p>\n<h2>Qu\u00e9 derechos tienes sobre tus datos<\/h2>\n<p class=\"privacy-policy-tutorial\">En esta secci\u00f3n debes explicar qu\u00e9 derechos tienen tus usuarios sobre sus datos y c\u00f3mo pueden ejercerlos.<\/p>\n<p>Si tienes una cuenta o has dejado comentarios en esta web, puedes solicitar recibir un archivo de exportaci\u00f3n de los datos personales que tenemos sobre ti, incluyendo cualquier dato que nos hayas proporcionado. Tambi\u00e9n puedes solicitar que eliminemos cualquier dato personal que tengamos sobre ti. Esto no incluye ning\u00fan dato que estemos obligados a conservar con fines administrativos, legales o de seguridad.<\/p>\n<h2>D\u00f3nde enviamos tus datos<\/h2>\n<p class=\"privacy-policy-tutorial\">En esta secci\u00f3n deber\u00edas enumerar todas las transferencias de los datos de tu sitio fuera de la Uni\u00f3n Europea, y describir los medios por los que se protegen esos datos de acuerdo con las normas europeas de protecci\u00f3n de datos. Esto podr\u00eda incluir tu alojamiento web, almacenamiento en la nube u otros servicios de terceros.<\/p>\n<p class=\"privacy-policy-tutorial\">La legislaci\u00f3n europea de protecci\u00f3n de datos exige que los datos sobre los residentes europeos que se transfieren fuera de la Uni\u00f3n Europea se salvaguarden con los mismos est\u00e1ndares que si los datos estuvieran en Europa. Por lo tanto, adem\u00e1s de enumerar a d\u00f3nde van los datos, debes describir c\u00f3mo se asegura que t\u00fa mismo o tus proveedores terceros cumplan estas normas, ya sea a trav\u00e9s de un acuerdo como Privacy Shield, cl\u00e1usulas modelo en tus contratos o reglas corporativas vinculantes.<\/p>\n<p>Los comentarios de los visitantes puede que los revise un servicio de detecci\u00f3n autom\u00e1tica de spam.<\/p>\n<\/div><\/section><\/div>\n","protected":false},"excerpt":{"rendered":"","protected":false},"author":1,"featured_media":0,"parent":0,"menu_order":0,"comment_status":"closed","ping_status":"closed","template":"","meta":{"footnotes":""},"class_list":["post-8102","page","type-page","status-publish","hentry"],"_links":{"self":[{"href":"https:\/\/humartech.uma.es\/iarthislab\/wp-json\/wp\/v2\/pages\/8102","targetHints":{"allow":["GET"]}}],"collection":[{"href":"https:\/\/humartech.uma.es\/iarthislab\/wp-json\/wp\/v2\/pages"}],"about":[{"href":"https:\/\/humartech.uma.es\/iarthislab\/wp-json\/wp\/v2\/types\/page"}],"author":[{"embeddable":true,"href":"https:\/\/humartech.uma.es\/iarthislab\/wp-json\/wp\/v2\/users\/1"}],"replies":[{"embeddable":true,"href":"https:\/\/humartech.uma.es\/iarthislab\/wp-json\/wp\/v2\/comments?post=8102"}],"version-history":[{"count":0,"href":"https:\/\/humartech.uma.es\/iarthislab\/wp-json\/wp\/v2\/pages\/8102\/revisions"}],"wp:attachment":[{"href":"https:\/\/humartech.uma.es\/iarthislab\/wp-json\/wp\/v2\/media?parent=8102"}],"curies":[{"name":"wp","href":"https:\/\/api.w.org\/{rel}","templated":true}]}}