{"id":7187,"date":"2018-03-05T12:04:32","date_gmt":"2018-03-05T12:04:32","guid":{"rendered":"https:\/\/humartech.uma.es\/iarthislab\/?page_id=7187"},"modified":"2020-11-19T12:38:18","modified_gmt":"2020-11-19T12:38:18","slug":"contacto","status":"publish","type":"page","link":"https:\/\/humartech.uma.es\/iarthislab\/contacto\/","title":{"rendered":"Contacto"},"content":{"rendered":"\n<style type=\"text\/css\" data-created_by=\"avia_inline_auto\" id=\"style-css-av-pqlpgj-eecf02ea925dd756d3dbeaf1e427c1a6\">\n.avia-section.av-pqlpgj-eecf02ea925dd756d3dbeaf1e427c1a6{\nbackground-repeat:no-repeat;\nbackground-image:url(https:\/\/humartech.uma.es\/iarthislab\/wp-content\/uploads\/2018\/03\/pattern-top-400.jpg);\nbackground-position:50% 0%;\nbackground-attachment:fixed;\n}\n.avia-section.av-pqlpgj-eecf02ea925dd756d3dbeaf1e427c1a6 .av-section-color-overlay{\nopacity:0.1;\nbackground-color:#ffffff;\n}\n<\/style>\n<div id='av_section_1'  class='avia-section av-pqlpgj-eecf02ea925dd756d3dbeaf1e427c1a6 main_color avia-section-no-padding avia-no-border-styling  avia-builder-el-0  el_before_av_three_fifth  avia-builder-el-first  avia-bg-style-fixed av-section-color-overlay-active av-minimum-height av-minimum-height-custom av-height-custom  container_wrap sidebar_right'  data-section-bg-repeat='no-repeat' data-av_minimum_height_px='220'><div class=\"av-section-color-overlay-wrap\"><div class=\"av-section-color-overlay\"><\/div><div class='container av-section-cont-open' style='height:220px'><main  role=\"main\" itemprop=\"mainContentOfPage\"  class='template-page content  av-content-small alpha units'><div class='post-entry post-entry-type-page post-entry-7187'><div class='entry-content-wrapper clearfix'>\n\n<style type=\"text\/css\" data-created_by=\"avia_inline_auto\" id=\"style-css-av-niw6zn-a085afa8227db4b9923cf23be3fa8596\">\n#top .av-special-heading.av-niw6zn-a085afa8227db4b9923cf23be3fa8596{\npadding-bottom:10px;\ncolor:#a3191f;\n}\nbody .av-special-heading.av-niw6zn-a085afa8227db4b9923cf23be3fa8596 .av-special-heading-tag .heading-char{\nfont-size:25px;\n}\n.av-special-heading.av-niw6zn-a085afa8227db4b9923cf23be3fa8596 .special-heading-inner-border{\nborder-color:#a3191f;\n}\n.av-special-heading.av-niw6zn-a085afa8227db4b9923cf23be3fa8596 .av-subheading{\nfont-size:15px;\n}\n<\/style>\n<div  class='av-special-heading av-niw6zn-a085afa8227db4b9923cf23be3fa8596 av-special-heading-h2 custom-color-heading blockquote modern-quote  avia-builder-el-1  avia-builder-el-no-sibling '><h2 class='av-special-heading-tag '  itemprop=\"headline\"  >Contacto<\/h2><div class=\"special-heading-border\"><div class=\"special-heading-inner-border\"><\/div><\/div><\/div>\n<\/div><\/div><\/main><!-- close content main element --><\/div><\/div><\/div><div id='after_section_1'  class='main_color av_default_container_wrap container_wrap sidebar_right'  ><div class='container av-section-cont-open' ><div class='template-page content  av-content-small alpha units'><div class='post-entry post-entry-type-page post-entry-7187'><div class='entry-content-wrapper clearfix'>\n\n<style type=\"text\/css\" data-created_by=\"avia_inline_auto\" id=\"style-css-av-jkv0wz-59334946120916127a3c361a83397e66\">\n.flex_column.av-jkv0wz-59334946120916127a3c361a83397e66{\nborder-radius:0px 0px 0px 0px;\npadding:0px 0px 0px 0px;\n}\n<\/style>\n<div  class='flex_column av-jkv0wz-59334946120916127a3c361a83397e66 av_three_fifth  avia-builder-el-2  el_after_av_section  el_before_av_one_third  avia-builder-el-first  first flex_column_div av-zero-column-padding  '     ><p><section  class='av_textblock_section av-1sdywj-7aea6b0737db24362da3a3742a2b5a81 '   itemscope=\"itemscope\" itemtype=\"https:\/\/schema.org\/CreativeWork\" ><div class='avia_textblock'  itemprop=\"text\" ><p>Si desea contactar con\u00a0<strong>iArtHis_Lab<\/strong>\u00a0para realizar sugerencias o propuestas, para solicitar informaci\u00f3n adicional o para saber m\u00e1s sobre nuestros proyectos y actividades, no dude en emplear este formulario y env\u00edenos su mensaje. Le\u00a0responderemos a la mayor brevedad posible.<\/p>\n<div id=\"cscf\" class=\"cscfBlock\">\n<div class=\"cscfForm\">\n<p>Le rogamos que procure ser muy conciso y breve a la hora de describir su consulta. Introduzca en ella, no obstante, cuanta informaci\u00f3n sea relevante para que nuestra respuesta pueda ser lo m\u00e1s eficiente posible.<\/p>\n<\/div>\n<\/div>\n<\/div><\/section><br \/>\n<form action=\"https:\/\/humartech.uma.es\/iarthislab\/contacto\/\" method=\"post\" data-fields-with-error=\"Found errors in the following field(s):\" class=\"avia_ajax_form av-form-labels-visible   avia-builder-el-4  el_after_av_textblock  avia-builder-el-last   \" data-avia-form-id=\"1\" data-avia-redirect='' ><fieldset><p class='  first_form  form_element form_fullwidth' id='element_avia_1_1'><label for=\"avia_1_1\">Nombre <abbr class=\"required\" title=\"requerido\">*<\/abbr><\/label> <input name=\"avia_1_1\" class=\"text_input is_empty\" type=\"text\" id=\"avia_1_1\" value=\"\" \/><\/p><p class='  first_form  form_element form_fullwidth' id='element_avia_2_1'><label for=\"avia_2_1\">Correo electr\u00f3nico <abbr class=\"required\" title=\"requerido\">*<\/abbr><\/label> <input name=\"avia_2_1\" class=\"text_input is_email\" type=\"text\" id=\"avia_2_1\" value=\"\" \/><\/p><p class='  first_form  form_element form_fullwidth' id='element_avia_3_1'><label for=\"avia_3_1\">Tel\u00e9fono<\/label> <input name=\"avia_3_1\" class=\"text_input \" type=\"text\" id=\"avia_3_1\" value=\"\" \/><\/p><p class='  first_form  form_element form_fullwidth' id='element_avia_4_1'><label for=\"avia_4_1\">Asunto<\/label> <input name=\"avia_4_1\" class=\"text_input \" type=\"text\" id=\"avia_4_1\" value=\"\" \/><\/p><p class='  first_form  form_element form_fullwidth' id='element_avia_5_1'><label for=\"avia_5_1\" class=\"textare_label hidden textare_label_avia_5_1\">Mensaje<\/label><textarea  name=\"avia_5_1\" class=\"text_area \" cols=\"40\" rows=\"7\" id=\"avia_5_1\" ><\/textarea><\/p><p class=\"hidden\"><input type=\"text\" name=\"avia_6_1\" class=\"hidden \" id=\"avia_6_1\" value=\"\" \/><\/p><p class=' av_form_privacy_check av_contact_privacy_check first_form  form_element form_fullwidth' id='element_avia_7_1'><input  name=\"avia_7_1\" class=\"input_checkbox is_empty\" type=\"checkbox\" id=\"avia_7_1\" value=\"true\"\/><label class=\"input_checkbox_label\" for=\"avia_7_1\">Acepto los t\u00e9rminos y condiciones establecidos en la <a href='https:\/\/humartech.uma.es\/iarthislab\/politica-de-privacidad\/' target='_blank'>Pol\u00edtica de Privacidad<\/a> <abbr class=\"required\" title=\"requerido\">*<\/abbr><\/label><\/p><p class=\"form_element \"><input type=\"hidden\" value=\"1\" name=\"avia_generated_form1\" \/><input type=\"submit\" value=\"Enviar\" class=\"button\"  data-sending-label=\"Enviando\"\/><\/p><\/fieldset><\/form><div id=\"ajaxresponse_1\" class=\"ajaxresponse ajaxresponse_1 hidden\"><\/div><\/p><\/div>\n\n<style type=\"text\/css\" data-created_by=\"avia_inline_auto\" id=\"style-css-av-5kxb2b-7ca8c306e78800cb9202c4d9ed1c36ed\">\n.flex_column.av-5kxb2b-7ca8c306e78800cb9202c4d9ed1c36ed{\nborder-radius:0px 0px 0px 0px;\npadding:0px 0px 0px 0px;\n}\n<\/style>\n<div  class='flex_column av-5kxb2b-7ca8c306e78800cb9202c4d9ed1c36ed av_one_third  avia-builder-el-5  el_after_av_three_fifth  el_before_av_hr  flex_column_div av-zero-column-padding  '     ><section  class='av_textblock_section av-4hn4kj-f9dd36bf5f911547c30b1ec49803b80d '   itemscope=\"itemscope\" itemtype=\"https:\/\/schema.org\/CreativeWork\" ><div class='avia_textblock'  itemprop=\"text\" ><h3>Direcci\u00f3n<\/h3>\n<div class=\"w-iconbox iconpos_left style_default color_light\">\n<div class=\"w-iconbox-meta\">\n<p class=\"w-iconbox-title\">Dpto. Historia del Arte Universidad de M\u00e1laga, Facultad de Filosof\u00eda y Letras, Campus de Teatinos, s\/n. 29071, M\u00c1LAGA<\/p>\n<\/div>\n<\/div>\n<p class=\"w-iconbox-title\">+34 952 132 223<\/p>\n<p class=\"w-iconbox-title\">+34 952 133 441<\/p>\n<\/div><\/section><\/div>\n<style type=\"text\/css\" data-created_by=\"avia_inline_auto\" id=\"style-css-av-2l39z7-966ba0e46e629de3160079f7fa327ef6\">\n#top .hr.hr-invisible.av-2l39z7-966ba0e46e629de3160079f7fa327ef6{\nheight:50px;\n}\n<\/style>\n<div  class='hr av-2l39z7-966ba0e46e629de3160079f7fa327ef6 hr-invisible  avia-builder-el-7  el_after_av_one_third  avia-builder-el-last '><span class='hr-inner '><span class=\"hr-inner-style\"><\/span><\/span><\/div><\/p>\n","protected":false},"excerpt":{"rendered":"","protected":false},"author":1,"featured_media":0,"parent":0,"menu_order":110,"comment_status":"closed","ping_status":"closed","template":"","meta":{"footnotes":""},"class_list":["post-7187","page","type-page","status-publish","hentry"],"_links":{"self":[{"href":"https:\/\/humartech.uma.es\/iarthislab\/wp-json\/wp\/v2\/pages\/7187","targetHints":{"allow":["GET"]}}],"collection":[{"href":"https:\/\/humartech.uma.es\/iarthislab\/wp-json\/wp\/v2\/pages"}],"about":[{"href":"https:\/\/humartech.uma.es\/iarthislab\/wp-json\/wp\/v2\/types\/page"}],"author":[{"embeddable":true,"href":"https:\/\/humartech.uma.es\/iarthislab\/wp-json\/wp\/v2\/users\/1"}],"replies":[{"embeddable":true,"href":"https:\/\/humartech.uma.es\/iarthislab\/wp-json\/wp\/v2\/comments?post=7187"}],"version-history":[{"count":0,"href":"https:\/\/humartech.uma.es\/iarthislab\/wp-json\/wp\/v2\/pages\/7187\/revisions"}],"wp:attachment":[{"href":"https:\/\/humartech.uma.es\/iarthislab\/wp-json\/wp\/v2\/media?parent=7187"}],"curies":[{"name":"wp","href":"https:\/\/api.w.org\/{rel}","templated":true}]}}